{"id":39,"date":"2021-02-25T16:16:52","date_gmt":"2021-02-25T15:16:52","guid":{"rendered":"http:\/\/www.ortho-fekete.at\/ordi\/?page_id=39"},"modified":"2021-05-22T06:30:55","modified_gmt":"2021-05-22T04:30:55","slug":"wahlarzt-2","status":"publish","type":"page","link":"https:\/\/www.ortho-fekete.at\/ordi\/?page_id=39","title":{"rendered":"Wahlarzt"},"content":{"rendered":"\n<p>Meine Ordination ist eine Wahlarzt-Ordination, das hei\u00dft, ich habe keinen Vertrag mit den Krankenkassen.<br>F\u00fcr Sie als meine Patienten bedeutet das, dass Sie die Kosten f\u00fcr den Arztbesuch <strong>zun\u00e4chst <\/strong>selber \u00fcbernehmen m\u00fcssen.<\/p>\n\n\n\n<p>Sie erhalten von mir eine detaillierte Honorarnote, auf der s\u00e4mtliche Leistungen (entsprechend dem Katalog des Krankenkassensystems) aufgelistet sind.<\/p>\n\n\n\n<p>Die Honorarnote k\u00f6nnen Sie in bei Ihrer Krankenkasse einreichen und eine R\u00fcckerstattung beantragen.<\/p>\n\n\n\n<p>Die Krankenkassen erstatten 80% des Betrages (KFA 100%), welchen ein Arzt mit Kassenvertrag f\u00fcr die gleiche Behandlung erhalten w\u00fcrde (nicht 80% des Honorars).<\/p>\n\n\n\n<p>Die Einreichung der Honorarnote kann bis zu 42 Monate nach der Behandlung erfolgen.<\/p>\n\n\n\n<p>Die Abrechnung der Krankenkassen erfolgt quartalsweise, das hei\u00dft:<br>Eine Ordination im J\u00e4nner, wird fr\u00fchestens im April r\u00fcckerstattet.<\/p>\n\n\n\n<p>Sollten Sie \u00fcber eine private Krankenversicherung verf\u00fcgen, kann die Honorarnote selbstverst\u00e4ndlich auch bei dieser vorgelegt werden.<\/p>\n\n\n\n<p>Wahlarztrezepte werden von der Apotheke wie Kassenrezepte behandelt, das gleiche gilt f\u00fcr \u00dcberweisungen, Verordnungen und Zuweisungen zu den jeweiligen Instituten.<\/p>\n\n\n\n<p>Jede Ordination ist vor Ort bar zu bezahlen.<\/p>\n\n\n\n<h3><strong>Als Wahl\u00e4rztin<\/strong><\/h3>\n\n\n\n<p><li>habe ich <strong>mehr Zeit<\/strong> f\u00fcr Sie, um mit Ihnen gemeinsam die passende, individuelle Therapie zu finden.<\/li><li>kann ich Ihnen kompetente Diagnostik, Aufkl\u00e4rung und Therapie <strong>ohne Zeitdruck<\/strong> bieten.<\/li><li>kann ich <strong>schnelle Termine ohne Wartezeiten<\/strong> vergeben.<\/li><li>behandle ich Sie <strong>immer pers\u00f6nlich<\/strong>.<\/li><\/p>\n\n\n\n<h3><strong>Als Wahl\u00e4rztin<\/strong><\/h3>\n\n\n\n<p>und angestellte Fach\u00e4rztin an der orthop\u00e4dischen Abteilung der Klinik Penzing (ehem. Otto Wagner Spital), kann ich Ihnen, falls ein operativer Eingriff oder eine station\u00e4re Aufnahme zur konservativen Therapie erforderlich sein sollte, dies auf Kassenbasis erm\u00f6glichen und organisieren.<\/p>\n\n\n\n<p>Auf Wunsch ist dies auch in einem privaten Krankenhaus m\u00f6glich (z.B. Evangelisches Krankenhaus, Confraternit\u00e4t, Rudolfinerhaus,).<\/p>\n\n\n\n<p>Durch meine laufende T\u00e4tigkeit als Chirurgin und die Teilnahme an diversen Fortbildungen erfolgt die Therapie auf dem modernsten medizinischen Kenntnisstand.<\/p>\n","protected":false},"excerpt":{"rendered":"<p>Meine Ordination ist eine Wahlarzt-Ordination, das hei\u00dft, ich habe keinen Vertrag mit den Krankenkassen.F\u00fcr Sie als meine Patienten bedeutet das, dass Sie die Kosten f\u00fcr den Arztbesuch zun\u00e4chst selber \u00fcbernehmen m\u00fcssen. Sie erhalten von mir eine detaillierte Honorarnote, auf der s\u00e4mtliche Leistungen (entsprechend dem Katalog des Krankenkassensystems) aufgelistet sind. Die Honorarnote k\u00f6nnen Sie in bei &hellip; <\/p>\n<p class=\"link-more\"><a href=\"https:\/\/www.ortho-fekete.at\/ordi\/?page_id=39\" class=\"more-link\">Continue reading<span class=\"screen-reader-text\"> &#8220;Wahlarzt&#8221;<\/span><\/a><\/p>\n","protected":false},"author":1,"featured_media":0,"parent":0,"menu_order":0,"comment_status":"closed","ping_status":"closed","template":"","meta":[],"yoast_head":"<!-- This site is optimized with the Yoast SEO plugin v16.4 - https:\/\/yoast.com\/wordpress\/plugins\/seo\/ -->\n<title>Wahlarzt - Orthop\u00e4die Fekete<\/title>\n<meta name=\"robots\" content=\"index, follow, max-snippet:-1, max-image-preview:large, max-video-preview:-1\" \/>\n<link rel=\"canonical\" href=\"https:\/\/www.ortho-fekete.at\/ordi\/?page_id=39\" \/>\n<meta property=\"og:locale\" content=\"en_US\" \/>\n<meta property=\"og:type\" content=\"article\" \/>\n<meta property=\"og:title\" content=\"Wahlarzt - Orthop\u00e4die Fekete\" \/>\n<meta property=\"og:description\" content=\"Meine Ordination ist eine Wahlarzt-Ordination, das hei\u00dft, ich habe keinen Vertrag mit den Krankenkassen.F\u00fcr Sie als meine Patienten bedeutet das, dass Sie die Kosten f\u00fcr den Arztbesuch zun\u00e4chst selber \u00fcbernehmen m\u00fcssen. Sie erhalten von mir eine detaillierte Honorarnote, auf der s\u00e4mtliche Leistungen (entsprechend dem Katalog des Krankenkassensystems) aufgelistet sind. Die Honorarnote k\u00f6nnen Sie in bei &hellip; Continue reading &quot;Wahlarzt&quot;\" \/>\n<meta property=\"og:url\" content=\"https:\/\/www.ortho-fekete.at\/ordi\/?page_id=39\" \/>\n<meta property=\"og:site_name\" content=\"Orthop\u00e4die Fekete\" \/>\n<meta property=\"article:modified_time\" content=\"2021-05-22T04:30:55+00:00\" \/>\n<meta name=\"twitter:card\" content=\"summary_large_image\" \/>\n<meta name=\"twitter:label1\" content=\"Est. reading time\" \/>\n\t<meta name=\"twitter:data1\" content=\"2 minutes\" \/>\n<script type=\"application\/ld+json\" class=\"yoast-schema-graph\">{\"@context\":\"https:\/\/schema.org\",\"@graph\":[{\"@type\":\"Organization\",\"@id\":\"https:\/\/www.ortho-fekete.at\/ordi\/#organization\",\"name\":\"Orthop\\u00e4die Fekete \\u2013 Dr. Andrea Fekete\",\"url\":\"https:\/\/www.ortho-fekete.at\/ordi\/\",\"sameAs\":[],\"logo\":{\"@type\":\"ImageObject\",\"@id\":\"https:\/\/www.ortho-fekete.at\/ordi\/#logo\",\"inLanguage\":\"en-US\",\"url\":\"http:\/\/www.ortho-fekete.at\/ordi\/wp-content\/uploads\/2021\/03\/cropped-Logo_Andrea_Fekete_RGB_512x512.png\",\"contentUrl\":\"http:\/\/www.ortho-fekete.at\/ordi\/wp-content\/uploads\/2021\/03\/cropped-Logo_Andrea_Fekete_RGB_512x512.png\",\"width\":512,\"height\":512,\"caption\":\"Orthop\\u00e4die Fekete \\u2013 Dr. Andrea Fekete\"},\"image\":{\"@id\":\"https:\/\/www.ortho-fekete.at\/ordi\/#logo\"}},{\"@type\":\"WebSite\",\"@id\":\"https:\/\/www.ortho-fekete.at\/ordi\/#website\",\"url\":\"https:\/\/www.ortho-fekete.at\/ordi\/\",\"name\":\"Orthop\\u00e4die Fekete\",\"description\":\"Dr. med. univ. Andrea Fekete - Fach\\u00e4rztin f\\u00fcr Orthop\\u00e4die und orthop\\u00e4dische Chirurgie\",\"publisher\":{\"@id\":\"https:\/\/www.ortho-fekete.at\/ordi\/#organization\"},\"potentialAction\":[{\"@type\":\"SearchAction\",\"target\":\"https:\/\/www.ortho-fekete.at\/ordi\/?s={search_term_string}\",\"query-input\":\"required name=search_term_string\"}],\"inLanguage\":\"en-US\"},{\"@type\":\"WebPage\",\"@id\":\"https:\/\/www.ortho-fekete.at\/ordi\/?page_id=39#webpage\",\"url\":\"https:\/\/www.ortho-fekete.at\/ordi\/?page_id=39\",\"name\":\"Wahlarzt - Orthop\\u00e4die Fekete\",\"isPartOf\":{\"@id\":\"https:\/\/www.ortho-fekete.at\/ordi\/#website\"},\"datePublished\":\"2021-02-25T15:16:52+00:00\",\"dateModified\":\"2021-05-22T04:30:55+00:00\",\"breadcrumb\":{\"@id\":\"https:\/\/www.ortho-fekete.at\/ordi\/?page_id=39#breadcrumb\"},\"inLanguage\":\"en-US\",\"potentialAction\":[{\"@type\":\"ReadAction\",\"target\":[\"https:\/\/www.ortho-fekete.at\/ordi\/?page_id=39\"]}]},{\"@type\":\"BreadcrumbList\",\"@id\":\"https:\/\/www.ortho-fekete.at\/ordi\/?page_id=39#breadcrumb\",\"itemListElement\":[{\"@type\":\"ListItem\",\"position\":1,\"item\":{\"@type\":\"WebPage\",\"@id\":\"https:\/\/www.ortho-fekete.at\/ordi\/\",\"url\":\"https:\/\/www.ortho-fekete.at\/ordi\/\",\"name\":\"Startseite\"}},{\"@type\":\"ListItem\",\"position\":2,\"item\":{\"@id\":\"https:\/\/www.ortho-fekete.at\/ordi\/?page_id=39#webpage\"}}]}]}<\/script>\n<!-- \/ Yoast SEO plugin. -->","_links":{"self":[{"href":"https:\/\/www.ortho-fekete.at\/ordi\/index.php?rest_route=\/wp\/v2\/pages\/39"}],"collection":[{"href":"https:\/\/www.ortho-fekete.at\/ordi\/index.php?rest_route=\/wp\/v2\/pages"}],"about":[{"href":"https:\/\/www.ortho-fekete.at\/ordi\/index.php?rest_route=\/wp\/v2\/types\/page"}],"author":[{"embeddable":true,"href":"https:\/\/www.ortho-fekete.at\/ordi\/index.php?rest_route=\/wp\/v2\/users\/1"}],"replies":[{"embeddable":true,"href":"https:\/\/www.ortho-fekete.at\/ordi\/index.php?rest_route=%2Fwp%2Fv2%2Fcomments&post=39"}],"version-history":[{"count":10,"href":"https:\/\/www.ortho-fekete.at\/ordi\/index.php?rest_route=\/wp\/v2\/pages\/39\/revisions"}],"predecessor-version":[{"id":589,"href":"https:\/\/www.ortho-fekete.at\/ordi\/index.php?rest_route=\/wp\/v2\/pages\/39\/revisions\/589"}],"wp:attachment":[{"href":"https:\/\/www.ortho-fekete.at\/ordi\/index.php?rest_route=%2Fwp%2Fv2%2Fmedia&parent=39"}],"curies":[{"name":"wp","href":"https:\/\/api.w.org\/{rel}","templated":true}]}}

<p>Meine Ordination ist eine Wahlarzt-Ordination, das heißt, ich habe keinen Vertrag mit den Krankenkassen.<br>Für Sie als meine Patienten bedeutet das, dass Sie die Kosten für den Arztbesuch <strong>zunächst </strong>selber übernehmen müssen.</p>



<p>Sie erhalten von mir eine detaillierte Honorarnote, auf der sämtliche Leistungen (entsprechend dem Katalog des Krankenkassensystems) aufgelistet sind.</p>



<p>Die Honorarnote können Sie in bei Ihrer Krankenkasse einreichen und eine Rückerstattung beantragen.</p>



<p>Die Krankenkassen erstatten 80% des Betrages (KFA 100%), welchen ein Arzt mit Kassenvertrag für die gleiche Behandlung erhalten würde (nicht 80% des Honorars).</p>



<p>Die Einreichung der Honorarnote kann bis zu 42 Monate nach der Behandlung erfolgen.</p>



<p>Die Abrechnung der Krankenkassen erfolgt quartalsweise, das heißt:<br>Eine Ordination im Jänner, wird frühestens im April rückerstattet.</p>



<p>Sollten Sie über eine private Krankenversicherung verfügen, kann die Honorarnote selbstverständlich auch bei dieser vorgelegt werden.</p>



<p>Wahlarztrezepte werden von der Apotheke wie Kassenrezepte behandelt, das gleiche gilt für Überweisungen, Verordnungen und Zuweisungen zu den jeweiligen Instituten.</p>



<p>Jede Ordination ist vor Ort bar zu bezahlen.</p>



<h3><strong>Als Wahlärztin</strong></h3>



<p><li>habe ich <strong>mehr Zeit</strong> für Sie, um mit Ihnen gemeinsam die passende, individuelle Therapie zu finden.</li><li>kann ich Ihnen kompetente Diagnostik, Aufklärung und Therapie <strong>ohne Zeitdruck</strong> bieten.</li><li>kann ich <strong>schnelle Termine ohne Wartezeiten</strong> vergeben.</li><li>behandle ich Sie <strong>immer persönlich</strong>.</li></p>



<h3><strong>Als Wahlärztin</strong></h3>



<p>und angestellte Fachärztin an der orthopädischen Abteilung der Klinik Penzing (ehem. Otto Wagner Spital), kann ich Ihnen, falls ein operativer Eingriff oder eine stationäre Aufnahme zur konservativen Therapie erforderlich sein sollte, dies auf Kassenbasis ermöglichen und organisieren.</p>



<p>Auf Wunsch ist dies auch in einem privaten Krankenhaus möglich (z.B. Evangelisches Krankenhaus, Confraternität, Rudolfinerhaus,).</p>



<p>Durch meine laufende Tätigkeit als Chirurgin und die Teilnahme an diversen Fortbildungen erfolgt die Therapie auf dem modernsten medizinischen Kenntnisstand.</p>

<p>Meine Ordination ist eine Wahlarzt-Ordination, das heißt, ich habe keinen Vertrag mit den Krankenkassen.Für Sie als meine Patienten bedeutet das, dass Sie die Kosten für den Arztbesuch zunächst selber übernehmen müssen. Sie erhalten von mir eine detaillierte Honorarnote, auf der sämtliche Leistungen (entsprechend dem Katalog des Krankenkassensystems) aufgelistet sind. Die Honorarnote können Sie in bei &hellip; </p>
<p class="link-more"><a href="https://www.ortho-fekete.at/ordi/?page_id=39" class="more-link">Continue reading<span class="screen-reader-text"> &#8220;Wahlarzt&#8221;</span></a></p>

<!-- This site is optimized with the Yoast SEO plugin v16.4 - https://yoast.com/wordpress/plugins/seo/ -->
<title>Wahlarzt - Orthopädie Fekete</title>
<meta name="robots" content="index, follow, max-snippet:-1, max-image-preview:large, max-video-preview:-1" />
<link rel="canonical" href="https://www.ortho-fekete.at/ordi/?page_id=39" />
<meta property="og:locale" content="en_US" />
<meta property="og:type" content="article" />
<meta property="og:title" content="Wahlarzt - Orthopädie Fekete" />
<meta property="og:description" content="Meine Ordination ist eine Wahlarzt-Ordination, das heißt, ich habe keinen Vertrag mit den Krankenkassen.Für Sie als meine Patienten bedeutet das, dass Sie die Kosten für den Arztbesuch zunächst selber übernehmen müssen. Sie erhalten von mir eine detaillierte Honorarnote, auf der sämtliche Leistungen (entsprechend dem Katalog des Krankenkassensystems) aufgelistet sind. Die Honorarnote können Sie in bei &hellip; Continue reading &quot;Wahlarzt&quot;" />
<meta property="og:url" content="https://www.ortho-fekete.at/ordi/?page_id=39" />
<meta property="og:site_name" content="Orthopädie Fekete" />
<meta property="article:modified_time" content="2021-05-22T04:30:55+00:00" />
<meta name="twitter:card" content="summary_large_image" />
<meta name="twitter:label1" content="Est. reading time" />
	<meta name="twitter:data1" content="2 minutes" />
<script type="application/ld+json" class="yoast-schema-graph">{"@context":"https://schema.org","@graph":[{"@type":"Organization","@id":"https://www.ortho-fekete.at/ordi/#organization","name":"Orthop\u00e4die Fekete \u2013 Dr. Andrea Fekete","url":"https://www.ortho-fekete.at/ordi/","sameAs":[],"logo":{"@type":"ImageObject","@id":"https://www.ortho-fekete.at/ordi/#logo","inLanguage":"en-US","url":"http://www.ortho-fekete.at/ordi/wp-content/uploads/2021/03/cropped-Logo_Andrea_Fekete_RGB_512x512.png","contentUrl":"http://www.ortho-fekete.at/ordi/wp-content/uploads/2021/03/cropped-Logo_Andrea_Fekete_RGB_512x512.png","width":512,"height":512,"caption":"Orthop\u00e4die Fekete \u2013 Dr. Andrea Fekete"},"image":{"@id":"https://www.ortho-fekete.at/ordi/#logo"}},{"@type":"WebSite","@id":"https://www.ortho-fekete.at/ordi/#website","url":"https://www.ortho-fekete.at/ordi/","name":"Orthop\u00e4die Fekete","description":"Dr. med. univ. Andrea Fekete - Fach\u00e4rztin f\u00fcr Orthop\u00e4die und orthop\u00e4dische Chirurgie","publisher":{"@id":"https://www.ortho-fekete.at/ordi/#organization"},"potentialAction":[{"@type":"SearchAction","target":"https://www.ortho-fekete.at/ordi/?s={search_term_string}","query-input":"required name=search_term_string"}],"inLanguage":"en-US"},{"@type":"WebPage","@id":"https://www.ortho-fekete.at/ordi/?page_id=39#webpage","url":"https://www.ortho-fekete.at/ordi/?page_id=39","name":"Wahlarzt - Orthop\u00e4die Fekete","isPartOf":{"@id":"https://www.ortho-fekete.at/ordi/#website"},"datePublished":"2021-02-25T15:16:52+00:00","dateModified":"2021-05-22T04:30:55+00:00","breadcrumb":{"@id":"https://www.ortho-fekete.at/ordi/?page_id=39#breadcrumb"},"inLanguage":"en-US","potentialAction":[{"@type":"ReadAction","target":["https://www.ortho-fekete.at/ordi/?page_id=39"]}]},{"@type":"BreadcrumbList","@id":"https://www.ortho-fekete.at/ordi/?page_id=39#breadcrumb","itemListElement":[{"@type":"ListItem","position":1,"item":{"@type":"WebPage","@id":"https://www.ortho-fekete.at/ordi/","url":"https://www.ortho-fekete.at/ordi/","name":"Startseite"}},{"@type":"ListItem","position":2,"item":{"@id":"https://www.ortho-fekete.at/ordi/?page_id=39#webpage"}}]}]}</script>
<!-- / Yoast SEO plugin. -->
