{"id":33,"date":"2021-02-25T16:13:30","date_gmt":"2021-02-25T15:13:30","guid":{"rendered":"http:\/\/www.ortho-fekete.at\/ordi\/?page_id=33"},"modified":"2021-05-31T06:53:42","modified_gmt":"2021-05-31T04:53:42","slug":"leistungen-behandlungsspektrum","status":"publish","type":"page","link":"https:\/\/www.ortho-fekete.at\/ordi\/?page_id=33","title":{"rendered":"Leistungs\u00fcberblick"},"content":{"rendered":"\n<h2><strong>Konservative Therapie<\/strong><\/h2>\n\n\n\nViele Beschwerden k\u00f6nnen konservativ in der Ordination behandelt werden:<br>\n<li>Lokale Infiltrationen bei Schmerzen am Bewegungsapparat<\/li>\n<li>Lokale Injektionen, Quaddeln<\/li>\n<li>Punktionen von Gelenken oder Ganglien<\/li>\n<li>Infusionsbehandlungen<\/li>\n<li>Injektionen zum Knorpelaufbau in Knie- und H\u00fcftgelenken<\/li>\n<li>Osteoporose Therapie<\/li>\n<li>Versorgung mit orthop\u00e4dischen Heilbehelfen (Modelleinlagen, Mieder, Schienen- und Orthesen)<\/li>\n\n\n\n<p><\/p>\n\n\n\n<h2><strong>Operative Therapie&nbsp;<\/strong><\/h2>\n\n\n\n<p>Ist eine Operation notwendig, habe ich die M\u00f6glichkeit diese an der orthop\u00e4dischen Abteilung Klinik Penzing durchzuf\u00fchren um eine optimale Therapie gew\u00e4hrleisten zu k\u00f6nnen.<br>Hierbei werden Sie von mir im Krankenhaus zur operativen Behandlung angemeldet.<br>Das Patientenmanagement wird mit Ihnen nachfolgend telefonisch oder schriftlich in Kontakt treten, um den Aufnahmetermin zu koordinieren.<br>Eine pr\u00e4operative Untersuchung im Krankenhaus wird ca. 3 Wochen vor der OP durchgef\u00fchrt.<br>Hier werden alle Befunde evaluiert und die Operation nochmals durchgesprochen.<br>Auf Patientenwunsch ist dies auch in einem privaten Krankenhaus m\u00f6glich (z.B. Evangelisches Krankenhaus, Confraternit\u00e4t, Rudolfinerhaus).<\/p>\n","protected":false},"excerpt":{"rendered":"<p>Konservative Therapie Viele Beschwerden k\u00f6nnen konservativ in der Ordination behandelt werden: Lokale Infiltrationen bei Schmerzen am Bewegungsapparat Lokale Injektionen, Quaddeln Punktionen von Gelenken oder Ganglien Infusionsbehandlungen Injektionen zum Knorpelaufbau in Knie- und H\u00fcftgelenken Osteoporose Therapie Versorgung mit orthop\u00e4dischen Heilbehelfen (Modelleinlagen, Mieder, Schienen- und Orthesen) Operative Therapie&nbsp; Ist eine Operation notwendig, habe ich die M\u00f6glichkeit diese &hellip; <\/p>\n<p class=\"link-more\"><a href=\"https:\/\/www.ortho-fekete.at\/ordi\/?page_id=33\" class=\"more-link\">Continue reading<span class=\"screen-reader-text\"> &#8220;Leistungs\u00fcberblick&#8221;<\/span><\/a><\/p>\n","protected":false},"author":1,"featured_media":0,"parent":0,"menu_order":0,"comment_status":"closed","ping_status":"closed","template":"","meta":[],"yoast_head":"<!-- This site is optimized with the Yoast SEO plugin v16.4 - https:\/\/yoast.com\/wordpress\/plugins\/seo\/ -->\n<title>Leistungs\u00fcberblick - Orthop\u00e4die Fekete<\/title>\n<meta name=\"robots\" content=\"index, follow, max-snippet:-1, max-image-preview:large, max-video-preview:-1\" \/>\n<link rel=\"canonical\" href=\"https:\/\/www.ortho-fekete.at\/ordi\/?page_id=33\" \/>\n<meta property=\"og:locale\" content=\"en_US\" \/>\n<meta property=\"og:type\" content=\"article\" \/>\n<meta property=\"og:title\" content=\"Leistungs\u00fcberblick - Orthop\u00e4die Fekete\" \/>\n<meta property=\"og:description\" content=\"Konservative Therapie Viele Beschwerden k\u00f6nnen konservativ in der Ordination behandelt werden: Lokale Infiltrationen bei Schmerzen am Bewegungsapparat Lokale Injektionen, Quaddeln Punktionen von Gelenken oder Ganglien Infusionsbehandlungen Injektionen zum Knorpelaufbau in Knie- und H\u00fcftgelenken Osteoporose Therapie Versorgung mit orthop\u00e4dischen Heilbehelfen (Modelleinlagen, Mieder, Schienen- und Orthesen) Operative Therapie&nbsp; Ist eine Operation notwendig, habe ich die M\u00f6glichkeit diese &hellip; Continue reading &quot;Leistungs\u00fcberblick&quot;\" \/>\n<meta property=\"og:url\" content=\"https:\/\/www.ortho-fekete.at\/ordi\/?page_id=33\" \/>\n<meta property=\"og:site_name\" content=\"Orthop\u00e4die Fekete\" \/>\n<meta property=\"article:modified_time\" content=\"2021-05-31T04:53:42+00:00\" \/>\n<meta name=\"twitter:card\" content=\"summary_large_image\" \/>\n<meta name=\"twitter:label1\" content=\"Est. reading time\" \/>\n\t<meta name=\"twitter:data1\" content=\"1 minute\" \/>\n<script type=\"application\/ld+json\" class=\"yoast-schema-graph\">{\"@context\":\"https:\/\/schema.org\",\"@graph\":[{\"@type\":\"Organization\",\"@id\":\"https:\/\/www.ortho-fekete.at\/ordi\/#organization\",\"name\":\"Orthop\\u00e4die Fekete \\u2013 Dr. Andrea Fekete\",\"url\":\"https:\/\/www.ortho-fekete.at\/ordi\/\",\"sameAs\":[],\"logo\":{\"@type\":\"ImageObject\",\"@id\":\"https:\/\/www.ortho-fekete.at\/ordi\/#logo\",\"inLanguage\":\"en-US\",\"url\":\"http:\/\/www.ortho-fekete.at\/ordi\/wp-content\/uploads\/2021\/03\/cropped-Logo_Andrea_Fekete_RGB_512x512.png\",\"contentUrl\":\"http:\/\/www.ortho-fekete.at\/ordi\/wp-content\/uploads\/2021\/03\/cropped-Logo_Andrea_Fekete_RGB_512x512.png\",\"width\":512,\"height\":512,\"caption\":\"Orthop\\u00e4die Fekete \\u2013 Dr. Andrea Fekete\"},\"image\":{\"@id\":\"https:\/\/www.ortho-fekete.at\/ordi\/#logo\"}},{\"@type\":\"WebSite\",\"@id\":\"https:\/\/www.ortho-fekete.at\/ordi\/#website\",\"url\":\"https:\/\/www.ortho-fekete.at\/ordi\/\",\"name\":\"Orthop\\u00e4die Fekete\",\"description\":\"Dr. med. univ. Andrea Fekete - Fach\\u00e4rztin f\\u00fcr Orthop\\u00e4die und orthop\\u00e4dische Chirurgie\",\"publisher\":{\"@id\":\"https:\/\/www.ortho-fekete.at\/ordi\/#organization\"},\"potentialAction\":[{\"@type\":\"SearchAction\",\"target\":\"https:\/\/www.ortho-fekete.at\/ordi\/?s={search_term_string}\",\"query-input\":\"required name=search_term_string\"}],\"inLanguage\":\"en-US\"},{\"@type\":\"WebPage\",\"@id\":\"https:\/\/www.ortho-fekete.at\/ordi\/?page_id=33#webpage\",\"url\":\"https:\/\/www.ortho-fekete.at\/ordi\/?page_id=33\",\"name\":\"Leistungs\\u00fcberblick - Orthop\\u00e4die Fekete\",\"isPartOf\":{\"@id\":\"https:\/\/www.ortho-fekete.at\/ordi\/#website\"},\"datePublished\":\"2021-02-25T15:13:30+00:00\",\"dateModified\":\"2021-05-31T04:53:42+00:00\",\"breadcrumb\":{\"@id\":\"https:\/\/www.ortho-fekete.at\/ordi\/?page_id=33#breadcrumb\"},\"inLanguage\":\"en-US\",\"potentialAction\":[{\"@type\":\"ReadAction\",\"target\":[\"https:\/\/www.ortho-fekete.at\/ordi\/?page_id=33\"]}]},{\"@type\":\"BreadcrumbList\",\"@id\":\"https:\/\/www.ortho-fekete.at\/ordi\/?page_id=33#breadcrumb\",\"itemListElement\":[{\"@type\":\"ListItem\",\"position\":1,\"item\":{\"@type\":\"WebPage\",\"@id\":\"https:\/\/www.ortho-fekete.at\/ordi\/\",\"url\":\"https:\/\/www.ortho-fekete.at\/ordi\/\",\"name\":\"Startseite\"}},{\"@type\":\"ListItem\",\"position\":2,\"item\":{\"@id\":\"https:\/\/www.ortho-fekete.at\/ordi\/?page_id=33#webpage\"}}]}]}<\/script>\n<!-- \/ Yoast SEO plugin. -->","_links":{"self":[{"href":"https:\/\/www.ortho-fekete.at\/ordi\/index.php?rest_route=\/wp\/v2\/pages\/33"}],"collection":[{"href":"https:\/\/www.ortho-fekete.at\/ordi\/index.php?rest_route=\/wp\/v2\/pages"}],"about":[{"href":"https:\/\/www.ortho-fekete.at\/ordi\/index.php?rest_route=\/wp\/v2\/types\/page"}],"author":[{"embeddable":true,"href":"https:\/\/www.ortho-fekete.at\/ordi\/index.php?rest_route=\/wp\/v2\/users\/1"}],"replies":[{"embeddable":true,"href":"https:\/\/www.ortho-fekete.at\/ordi\/index.php?rest_route=%2Fwp%2Fv2%2Fcomments&post=33"}],"version-history":[{"count":19,"href":"https:\/\/www.ortho-fekete.at\/ordi\/index.php?rest_route=\/wp\/v2\/pages\/33\/revisions"}],"predecessor-version":[{"id":673,"href":"https:\/\/www.ortho-fekete.at\/ordi\/index.php?rest_route=\/wp\/v2\/pages\/33\/revisions\/673"}],"wp:attachment":[{"href":"https:\/\/www.ortho-fekete.at\/ordi\/index.php?rest_route=%2Fwp%2Fv2%2Fmedia&parent=33"}],"curies":[{"name":"wp","href":"https:\/\/api.w.org\/{rel}","templated":true}]}}